 -117*m. Calculate the highest common factor of 33 and m.
11
Suppose 2*w + 0*o + 2*o = 54, 153 = 4*w - 5*o. Let g = 314 + -186. Let h be 16/(-12) + g/24. What is the greatest common divisor of h and w?
4
Let s = -1379 + 1805. What is the greatest common factor of s and 284?
142
Let q be -18 + 13 + ((-1650)/(-5))/3. What is the greatest common divisor of q and 357?
21
Let m = -9939 - -10977. What is the greatest common factor of m and 21?
3
Let n be ((-46)/(-6))/(24 + (-154005)/6417). What is the greatest common divisor of 31 and n?
31
Let s(q) = -2*q + 22. Let l be s(8). Suppose l*z = 8*z - 192. What is the highest common divisor of 36 and z?
12
Suppose -2*z = -35*z + 81642. What is the greatest common divisor of z and 2?
2
Let k be 72590/(-3111)*((-33)/7 + 0). Let i(u) = 46*u. Let q be i(-1). Let c = -24 - q. What is the highest common factor of c and k?
22
Let c(m) = m**3 + 3*m**2 - 37*m + 12. Let p be c(-8). Let d be 19*2/(p/(-18)) - 0. Calculate the greatest common factor of 19 and d.
19
Let r(j) = 112*j + 4001. Let u be r(-35). What is the greatest common factor of u and 657?
9
Let b be 2*(-4)/8 - -8. Let k be (-4*1)/(b/(-35)). Suppose 0 = 5*d - 745 - 355. Calculate the greatest common divisor of d and k.
20
Suppose -2*w + 131 = -13. Let p(d) = d**2 + 184*d - 2718. Let a be p(14). What is the highest common divisor of a and w?
18
Suppose -4*w = 3*w - 4*w. Suppose w = -5*g - 0*r - 3*r + 165, r = -3*g + 103. Calculate the highest common factor of 288 and g.
36
Let r be 4906/55 + (18/30)/(-3). Calculate the highest common factor of r and 2225.
89
Let i(v) = 71*v - 41. Let h be i(22). Calculate the highest common divisor of h and 18.
9
Suppose -2*z - 2*x = -36, -3*z - 5*x - 61 = -115. Calculate the highest common divisor of 981 and z.
9
Suppose -4*p = -k - 5997, -5*p + 2*k = -3*p - 2994. Suppose -7*j + p = 3*j. What is the greatest common factor of j and 60?
30
Suppose 128 - 280 = -2*t + 3*f, 4*t - 260 = -5*f. Calculate the greatest common factor of 1715 and t.
35
Suppose 0 = -2*z - 2*m + 34, -6*z = -3*z - 2*m - 41. What is the greatest common factor of z and 95?
5
Let t be 5211 + 8/((-72)/135). Calculate the greatest common divisor of 24 and t.
12
Suppose 2*w + 6 = 0, 3*w - w = -2*i + 244. Suppose -558 = -111*g + 76*g + 2942. What is the highest common factor of i and g?
25
Let k(v) = 7*v + 51. Suppose 36 + 4 = -8*r. Let c be k(r). What is the highest common divisor of c and 128?
16
Suppose 63*o - 70*o = -49. Calculate the greatest common factor of 1239 and o.
7
Suppose -5*s + 53 = -4*u - 142, 16*s - 4*u = 580. What is the highest common divisor of s and 13230?
35
Let b(r) = r**2 - 75*r + 186. Let m be b(73). Let w be 3/9*0 + 1. Let d be 1 + -2 + w + 100. What is the highest common divisor of d and m?
20
Suppose 20*x - 132 = 1628. Calculate the greatest common divisor of x and 374.
22
Let m be (-68)/442 + (-10552)/26. Let a = -322 - m. Let b = 18 + 108. What is the greatest common factor of b and a?
42
Let j be (-240)/30 - (-1284)/3. Calculate the greatest common factor of 350 and j.
70
Let b be 6378/30 - 22/(-55). What is the greatest common factor of 5041 and b?
71
Suppose -12*c + 36 = -8*c. Suppose 444 = c*t - 177. What is the highest common divisor of 23 and t?
23
Let m(k) = 3*k**3 - 14*k**2 + 13*k - 15. Let c be m(9). What is the highest common divisor of 60 and c?
15
Let q(p) = 4*p**2 + 2*p + 1. Let i be q(-2). Let z(c) = -c + 17. Let n be z(i). Let a be (-90)/(-11) + 3 - n/22. What is the highest common factor of 110 and a?
11
Let s(q) = 72*q**2. Let n be s(-1). Let r = -16819 + 16851. What is the greatest common factor of r and n?
8
Let g be (-4)/(-6) - (-25)/3. Suppose -5*k - 16 = -g*k. What is the highest common divisor of k and 92?
4
Let x(r) = 98*r - 136. Suppose -9*v + 0*v = -72. Let b be x(v). What is the highest common divisor of b and 18?
18
Suppose -7*g - 1 + 43 = -5*h, 29 = g - 4*h. What is the highest common factor of g and 463?
1
Let r(b) = 5*b**3 - 3*b**2 + 49*b + 61. Let z be r(7). Calculate the greatest common divisor of 68 and z.
68
Suppose 0 = -5*g + 5*h + 22598 + 9662, -3*g - 3*h + 19344 = 0. What is the greatest common factor of 258 and g?
258
Let m = 87 + -15. Suppose -172*d + 8729 = -46999. Calculate the greatest common divisor of m and d.
36
Let n = 23 + -17. Suppose 0 = 394*b - 436*b + 3402. Calculate the greatest common divisor of n and b.
3
Let m(z) = z**3 - 2*z**2 - z + 11. Suppose -3*t = -6*f + 3*f + 15, -3*t - 5*f + 25 = 0. Let v be m(t). Calculate the highest common divisor of v and 1.
1
Let a = -3377 + 3599. Calculate the greatest common divisor of a and 42.
6
Let t = -38 + 34. Let g be (-34725)/(-50)*t/(-6). Suppose 0 = -4*u - 4, 0*u - g = -3*z + u. Calculate the highest common factor of 22 and z.
22
Suppose -2*c - 4 = 0, 4*u - 248 = -6*c + 4*c. Suppose 2*a + m - 68 = 0, 5*a = 4*m - 7*m + 169. Calculate the greatest common factor of a and u.
7
Let x be -6*-7*6/9. What is the greatest common divisor of x and 693?
7
Suppose i + i = 3*z + 112, 2*i - 104 = -z. Let y = -45 + i. Let g be ((-204)/y)/(-3)*14. Calculate the highest common factor of 17 and g.
17
Suppose -3*q + 2*q + 485 = 2*f, 3*f - 715 = q. Let z be (6/25*15)/(96/320). Calculate the highest common factor of f and z.
12
Let x = 6 + -2. Suppose 6*y = 4*y - s + 7, 4*s = -2*y + 4. Suppose y*z - 3*z + 46 = w, 0 = -x*z. Calculate the greatest common factor of 230 and w.
46
Let r(i) be the third derivative of i**5/20 - i**4/2 - 3*i**3 + 93*i**2. Let h be r(6). What is the highest common factor of h and 6?
6
Let m = 339 - 224. Let j = 244 + -171. Suppose 0 = -3*k - 12, 3*q = 3*k - 2*k + j. What is the greatest common factor of m and q?
23
Let f(d) = -d**2 - 7*d + 61. Let j be f(-12). Let k be (-1 + -1)*1 - -2. Let q = k - -1. What is the highest common divisor of q and j?
1
Suppose -20*r + 90 = -5*r. Suppose r*g - 79 = -61. What is the highest common divisor of g and 84?
3
Let b be -1 - 10/(-10) - (-37 - 1). Calculate the greatest common factor of 9082 and b.
38
Let v be -224*825/(-660)*(2 + 16/(-10)). Let g = -20 + 34. Calculate the highest common factor of g and v.
14
Let m(f) = -f - 12. Let s(q) = -q - 25. Let d(b) = 5*m(b) - 2*s(b). Let v be d(12). Let k = v + 54. What is the highest common divisor of k and 2?
2
Let a be (-1362)/(-21) - 2/(-14). Let i = -299 + 325. Calculate the highest common divisor of a and i.
13
Let h be (0 - 7)/((-6)/(-24)). Let k be (-63)/(-6)*(-48)/h. What is the greatest common divisor of k and 18?
18
Suppose -12980 = -2*b + z + 3*z, -4*b - 3*z = -25905. Suppose 20*t - 5*t = b. What is the greatest common divisor of 54 and t?
54
Let c(v) = -v**3 - 34*v**2 - 69*v - 28. Let z be c(-32). Suppose 3795 = 4*f + 19*f. What is the highest common factor of f and z?
33
Let a be (5 - (7 - 5))*(-4)/(-6). Suppose -4*u + u - a*i + 65 = 0, 2*u - 2*i - 30 = 0. What is the highest common divisor of u and 209?
19
Let y = 99 - 94. Suppose 2*x = -y*w - 33, 2*w - 3*w = -2*x - 3. Let m be (1/w)/((-6)/210). Calculate the highest common factor of m and 7.
7
Let o = -92 - -92. Suppose -6*v + 172 - 28 = o. Suppose u - v = -2*q, 0 = -2*u + 2*q - 7*q + 52. What is the highest common factor of u and 24?
8
Let m be 248 + (9 - 9)/8*(-1 + 2). What is the greatest common divisor of 31 and m?
31
Suppose -59 + 3699 = 10*m. Let p(z) = 6*z - 100. Let f be p(34). Calculate the highest common factor of f and m.
52
Let u be 10/(-15)*-1*3012/8. Suppose -7*j + 1448 = u. Calculate the highest common divisor of j and 57.
57
Let v = 507 - 405. Suppose -3*q = -4*a - 268, v = 8*q - 7*q + 5*a. Calculate the greatest common factor of 8 and q.
4
Suppose -20*b + 1591 = -3129. Calculate the greatest common divisor of b and 36.
4
Let o(r) = -1017*r - 804. Let d be o(-2). What is the greatest common factor of d and 210?
30
Let m(y) = y**3 + 10*y**2 + 6*y - 21. Let u be m(-9). Suppose 0 = u*w - 2*w - 196. Let c = 144 - w. What is the highest common divisor of 19 and c?
19
Suppose -3*h = -3 - 39. Let d be 234/12 - ((-3)/(-6) + 1). Suppose -d*x + 22*x - 28 = 0. Calculate the greatest common factor of h and x.
7
Suppose 8*u = 9*u - 28. Let y = 1506 + -1268. What is the highest common factor of u and y?
14
Let c(o) = o + 12. Let k be c(-8). Suppose 0 = -2*h + 4*w + 5 + 9, -k*h 